 is the ten thousands digit of 38651?
3
What is the ten thousands digit of 64890?
6
What is the thousands digit of 8566?
8
What is the tens digit of 9700?
0
What is the hundreds digit of 44177?
1
What is the ten thousands digit of 120259?
2
What is the units digit of 16463?
3
What is the units digit of 53592?
2
What is the units digit of 12307?
7
What is the units digit of 17358?
8
What is the units digit of 2356?
6
What is the ten thousands digit of 35046?
3
What is the thousands digit of 7409?
7
What is the units digit of 2131?
1
What is the units digit of 4271?
1
What is the units digit of 20654?
4
What is the units digit of 9679?
9
What is the thousands digit of 12934?
2
What is the units digit of 41805?
5
What is the tens digit of 5250?
5
What is the thousands digit of 62376?
2
What is the hundreds digit of 49954?
9
What is the tens digit of 77118?
1
What is the tens digit of 9916?
1
What is the ten thousands digit of 32010?
3
What is the units digit of 487?
7
What is the thousands digit of 9484?
9
What is the ten thousands digit of 47416?
4
What is the tens digit of 1972?
7
What is the tens digit of 2594?
9
What is the units digit of 19882?
2
What is the hundreds digit of 1184?
1
What is the hundreds digit of 3181?
1
What is the thousands digit of 5869?
5
What is the tens digit of 57158?
5
What is the tens digit of 8085?
8
What is the tens digit of 27983?
8
What is the ten thousands digit of 72661?
7
What is the units digit of 76?
6
What is the tens digit of 52?
5
What is the thousands digit of 1676?
1
What is the thousands digit of 71354?
1
What is the thousands digit of 49976?
9
What is the hundreds digit of 762?
7
What is the ten thousands digit of 25084?
2
What is the ten thousands digit of 105657?
0
What is the tens digit of 7008?
0
What is the hundreds digit of 1871?
8
What is the thousands digit of 10118?
0
What is the units digit of 21510?
0
What is the units digit of 3516?
6
What is the hundreds digit of 956?
9
What is the units digit of 424?
4
What is the units digit of 19713?
3
What is the ten thousands digit of 21620?
2
What is the ten thousands digit of 98353?
9
What is the units digit of 1675?
5
What is the units digit of 1211?
1
What is the hundreds digit of 2877?
8
What is the tens digit of 296?
9
What is the hundreds digit of 771?
7
What is the tens digit of 2042?
4
What is the hundreds digit of 6073?
0
What is the hundreds digit of 255?
2
What is the thousands digit of 1488?
1
What is the tens digit of 3310?
1
What is the tens digit of 59146?
4
What is the units digit of 22304?
4
What is the hundreds digit of 20286?
2
What is the tens digit of 85442?
4
What is the thousands digit of 205926?
5
What is the units digit of 9932?
2
What is the tens digit of 1614?
1
What is the hundreds digit of 2453?
4
What is the tens digit of 12451?
5
What is the hundreds digit of 8337?
3
What is the hundreds digit of 859?
8
What is the units digit of 83930?
0
What is the hundreds digit of 1246?
2
What is the hundreds digit of 7004?
0
What is the thousands digit of 1266?
1
What is the thousands digit of 1999?
1
What is the tens digit of 984?
8
What is the tens digit of 22804?
0
What is the units digit of 3987?
7
What is the units digit of 4669?
9
What is the units digit of 40271?
1
What is the tens digit of 1734?
3
What is the ten thousands digit of 55490?
5
What is the thousands digit of 2124?
2
What is the ten thousands digit of 89022?
8
What is the tens digit of 85059?
5
What is the units digit of 3?
3
What is the units digit of 27109?
9
What is the units digit of 4667?
7
What is the hundreds digit of 42351?
3
What is the hundreds digit of 19504?
5
What is the units digit of 34136?
6
What is the hundreds digit of 180?
1
What is the thousands digit of 1330?
1
What is the tens digit of 184415?
1
What is the thousands digit of 1789?
1
What is the ten thousands digit of 37028?
3
What is the hundred thousands digit of 111282?
1
What is the thousands digit of 4049?
4
What is the hundreds digit of 6975?
9
What is the units digit of 53838?
8
What is the hundreds digit of 12545?
5
What is the ten thousands digit of 30014?
3
What is the hundreds digit of 12663?
6
What is the units digit of 3243?
3
What is the units digit of 37707?
7
What is the tens digit of 65208?
0
What is the thousands digit of 3179?
3
What is the thousands digit of 4912?
4
What is the hundreds digit of 15332?
3
What is the hundreds digit of 2104?
1
What is the tens digit of 402?
0
What is the hundreds digit of 5297?
2
What is the units digit of 741?
1
What is the hundreds digit of 30063?
0
What is the hundreds digit of 2359?
3
What is the hundreds digit of 4842?
8
What is the units digit of 8?
8
What is the hundreds digit of 475?
4
What is the tens digit of 10826?
2
What is the hundreds digit of 20087?
0
What is the units digit of 7667?
7
What is the hundreds digit of 19402?
4
What is the hundreds digit of 4195?
1
What is the tens digit of 1552?
5
What is the thousands digit of 61512?
1
What is the thousands digit of 1415?
1
What is the hundreds digit of 5933?
9
What is the ten thousands digit of 44472?
4
What is the tens digit of 26?
2
What is the hundreds digit of 3826?
8
What is the tens digit of 925?
2
What is the tens digit of 66968?
6
What is the thousands digit of 3649?
3
What is the hundreds digit of 2350?
3
What is the thousands digit of 8214?
8
What is the ten thousands digit of 10825?
1
What is the thousands digit of 81575?
1
What is the units digit of 2158?
8
What is the thousands digit of 1349?
1
What is the hundreds digit of 514?
5
What is the tens digit of 15459?
5
What is the tens digit of 47990?
9
What is the hundreds digit of 28515?
5
What is the hundreds digit of 414?
4
What is the units digit of 56?
6
What is the ten thousands digit of 29869?
2
What is the tens digit of 29753?
5
What is the thousands digit of 1293?
1
What is the thousands digit of 4689?
4
What is the ten thousands digit of 52722?
5
What is the tens digit of 4347?
4
What is the thousands digit of 7755?
7
What is the tens digit of 9634?
3
What is the units digit of 2885?
5
What is the thousands digit of 78442?
8
What is the tens digit of 3070?
7
What is the thousands digit of 42829?
2
What is the thousands digit of 23859?
3
What is the units digit of 32199?
9
What is the units digit of 4462?
2
What is the hundreds digit of 6913?
9
What is the thousands digit of 10507?
0
What is the hundreds digit of 1010?
0
What is the thousands digit of 4262?
4
What is the tens digit of 20844?
4
What is the units digit of 70?
0
What is the tens digit of 3417?
1
What is the units digit of 60084?
4
What is the hundreds digit of 8198?
1
What is the tens digit of 6840?
4
What is the hundreds digit of 3013?
0
What is the units digit of 5824?
4
What is the thousands digit of 2664?
2
What is the tens digit of 5548?
4
What is the tens digit of 24142?
4
What is the hundreds digit of 1878?
8
What is the tens digit of 5613?
1
What is the tens digit of 896?
9
What is the units digit of 66449?
9
What is the hundreds digit of 1810?
8
What is the ten thousands digit of 68672?
6
What is the units digit of 16659?
9
What is the units digit of 47728?
8
What is the thousands digit of 8810?
8
What is the hundreds digit of 1531?
5
What is the tens digit of 5504?
0
What is the ten thousands digit of 24962?
2
What is the tens digit of 46041?
4
What is the tens digit of 21111?
1
What is the thousands digit of 2472?
2
What is the ten thousands digit of 188613?
8
What is the units digit of 8548?
8
What is the tens digit of 3054?
5
What is the tens digit of 638?
3
What is the thousands digit of 22353?
2
What is the thousands digit of 2328?
2
What is the units digit of 21?
1
What is the units digit of 961?
1
What is the tens digit of 712?
1
What is the hundreds digit of 7259?
2
What is the units digit of 1939?
9
What is the units digit of 1283?
3
What is the hundreds digit of 12874?
8
What is the hundreds digit of 4124?
1
What is the tens digit of 72?
7
What is the units digit of 833?
3
What is the hundreds digit of 2722?
7
What is the tens digit of 4496?
9
What is the units digit of 1752?
2
What is the thousands digit of 25173?
5
What is the thousands digit of 2209?
2
What is the tens digit of 494?
9
What is the ten thousands dig